
What is the remainder when 583 is divided by 70?
23
Calculate the remainder when 934 is divided by 85.
84
What is the remainder when 339 is divided by 161?
17
Calculate the remainder when 71 is divided by 54.
17
Calculate the remainder when 280 is divided by 272.
8
Calculate the remainder when 6389 is divided by 68.
65
Calculate the remainder when 753 is divided by 96.
81
Calculate the remainder when 592 is divided by 85.
82
What is the remainder when 162 is divided by 40?
2
Calculate the remainder when 522 is divided by 27.
9
Calculate the remainder when 334 is divided by 86.
76
Calculate the remainder when 5144 is divided by 43.
27
What is the remainder when 1543 is divided by 129?
124
Calculate the remainder when 3766 is divided by 24.
22
What is the remainder when 287 is divided by 124?
39
What is the remainder when 551 is divided by 35?
26
What is the remainder when 1413 is divided by 33?
27
What is the remainder when 88 is divided by 70?
18
What is the remainder when 72 is divided by 30?
12
Calculate the remainder when 221 is divided by 62.
35
What is the remainder when 269 is divided by 58?
37
Calculate the remainder when 868 is divided by 67.
64
Calculate the remainder when 382 is divided by 68.
42
What is the remainder when 689 is divided by 99?
95
Calculate the remainder when 954 is divided by 28.
2
What is the remainder when 2265 is divided by 55?
10
What is the remainder when 1086 is divided by 19?
3
Calculate the remainder when 466 is divided by 52.
50
Calculate the remainder when 4859 is divided by 11.
8
Calculate the remainder when 1325 is divided by 398.
131
Calculate the remainder when 101 is divided by 54.
47
What is the remainder when 1099 is divided by 172?
67
Calculate the remainder when 2811 is divided by 74.
73
Calculate the remainder when 2076 is divided by 10.
6
Calculate the remainder when 302 is divided by 3.
2
What is the remainder when 50 is divided by 26?
24
Calculate the remainder when 1137 is divided by 38.
35
Calculate the remainder when 414 is divided by 118.
60
Calculate the remainder when 151 is divided by 51.
49
Calculate the remainder when 369 is divided by 3.
0
What is the remainder when 195 is divided by 31?
9
Calculate the remainder when 4960 is divided by 23.
15
Calculate the remainder when 487 is divided by 35.
32
Calculate the remainder when 75 is divided by 60.
15
What is the remainder when 4605 is divided by 14?
13
Calculate the remainder when 484 is divided by 4.
0
What is the remainder when 4 is divided by 1?
0
Calculate the remainder when 78 is divided by 70.
8
What is the remainder when 320 is divided by 153?
14
Calculate the remainder when 7367 is divided by 63.
59
What is the remainder when 585 is divided by 10?
5
Calculate the remainder when 242 is divided by 35.
32
What is the remainder when 128 is divided by 22?
18
What is the remainder when 1160 is divided by 15?
5
Calculate the remainder when 325 is divided by 88.
61
Calculate the remainder when 87 is divided by 39.
9
Calculate the remainder when 40 is divided by 4.
0
Calculate the remainder when 15453 is divided by 28.
25
What is the remainder when 205 is divided by 70?
65
Calculate the remainder when 846 is divided by 50.
46
Calculate the remainder when 170 is divided by 19.
18
What is the remainder when 372 is divided by 17?
15
What is the remainder when 370 is divided by 124?
122
Calculate the remainder when 253 is divided by 132.
121
Calculate the remainder when 214 is divided by 31.
28
What is the remainder when 116 is divided by 9?
8
Calculate the remainder when 2698 is divided by 113.
99
What is the remainder when 989 is divided by 45?
44
Calculate the remainder when 529 is divided by 25.
4
Calculate the remainder when 5298 is divided by 106.
104
What is the remainder when 111 is divided by 34?
9
What is the remainder when 52 is divided by 10?
2
Calculate the remainder when 487 is divided by 175.
137
What is the remainder when 260 is divided by 49?
15
What is the remainder when 1556 is divided by 12?
8
Calculate the remainder when 2944 is divided by 197.
186
What is the remainder when 2878 is divided by 15?
13
Calculate the remainder when 16 is divided by 7.
2
What is the remainder when 62 is divided by 58?
4
What is the remainder when 63 is divided by 41?
22
Calculate the remainder when 87 is divided by 16.
7
Calculate the remainder when 12868 is divided by 87.
79
What is the remainder when 594 is divided by 26?
22
What is the remainder when 113 is divided by 34?
11
Calculate the remainder when 34 is divided by 9.
7
Calculate the remainder when 566 is divided by 21.
20
Calculate the remainder when 263 is divided by 53.
51
What is the remainder when 139 is divided by 96?
43
Calculate the remainder when 158 is divided by 55.
48
Calculate the remainder when 6238 is divided by 47.
34
Calculate the remainder when 554 is divided by 122.
66
Calculate the remainder when 303 is divided by 64.
47
Calculate the remainder when 34 is divided by 21.
13
What is the remainder when 110 is divided by 35?
5
Calculate the remainder when 320 is divided by 68.
48
What is the remainder when 735 is divided by 34?
21
What is the remainder when 1767 is divided by 61?
59
Calculate the remainder when 1655 is divided by 36.
35
What is the remainder when 2039 is divided by 64?
55
Calculate the remainder when 3734 is divided by 1862.
10
Calculate the remainder when 18658 is divided by 20.
18
What is the remainder when 2592 is divided by 170?
42
What is the remainder when 27088 is divided by 45?
43
What is the remainder when 34 is divided by 1?
0
What is the remainder when 399 is divided by 55?
14
What is the remainder when 1967 is divided by 123?
122
Calculate the remainder when 185 is divided by 11.
9
What is the remainder when 153 is divided by 32?
25
What is the remainder when 346 is divided by 48?
10
What is the remainder when 26 is divided by 18?
8
What is the remainder when 660 is divided by 13?
10
What is the remainder when 166 is divided by 25?
16
Calculate the remainder when 2964 is divided by 149.
133
Calculate the remainder when 81 is divided by 30.
21
What is the remainder when 179 is divided by 60?
59
Calculate the remainder when 2320 is divided by 178.
6
What is the remainder when 1359 is divided by 1353?
6
Calculate the remainder when 91 is divided by 90.
1
What is the remainder when 1565 is divided by 58?
57
What is the remainder when 158 is divided by 8?
6
What is the remainder when 26 is divided by 16?
10
Calculate the remainder when 139 is divided by 8.
3
What is the remainder when 3573 is divided by 298?
295
What is the remainder when 500 is divided by 12?
8
Calculate the remainder when 682 is divided by 57.
55
Calculate the remainder when 146 is divided by 77.
69
Calculate the remainder when 126 is divided by 22.
16
What is the remainder when 714 is divided by 429?
285
What is the remainder when 24 is divided by 14?
10
Calculate the remainder when 82 is divided by 60.
22
What is the remainder when 65 is divided by 9?
2
What is the remainder when 169 is divided by 5?
4
Calculate the remainder when 4982 is divided by 7.
5
What is the remainder when 444 is divided by 221?
2
Calculate the remainder when 3549 is divided by 17.
13
Calculate the remainder when 398 is divided by 130.
8
What is the remainder when 285 is divided by 42?
33
Calculate the remainder when 8367 is divided by 30.
27
What is the remainder when 1289 is divided by 20?
9
What is the remainder when 1440 is divided by 397?
249
What is the remainder when 257 is divided by 56?
33
Calculate the remainder when 18137 is divided by 20.
17
Calculate the remainder when 503 is divided by 23.
20
Calculate the remainder when 685 is divided by 16.
13
What is the remainder when 2291 is divided by 231?
212
What is the remainder when 7233 is divided by 201?
198
Calculate the remainder when 5003 is divided by 128.
11
Calculate the remainder when 123 is divided by 34.
21
Calculate the remainder when 435 is divided by 55.
50
Calculate the remainder when 1023 is divided by 16.
15
Calculate the remainder when 149 is divided by 19.
16
What is the remainder when 4037 is divided by 101?
98
What is the remainder when 3391 is divided by 9?
7
Calculate the remainder when 1620 is divided by 263.
42